tive of -3*u**3/2 - 7*u**2/2 + u. What is the remainder when k(-4) is divided by (4/(-3))/((-2)/15)?
9
Let v = -80 - -127. Let b be 1/(-2) - (-33)/2. Suppose -4*k = -3*k - b. What is the remainder when v is divided by k?
15
Let z = -43 - -70. What is the remainder when z is divided by 7?
6
Let x = 2 - -2. Suppose -x*k = 5*h - 43, -2*h - 5*k + 4 = -3. What is the remainder when h is divided by 6?
5
Let o = -13 - -6. Let l be ((-21)/(-6))/o*-8. Suppose 0 = -l*f + 51 + 61. What is the remainder when f is divided by 10?
8
Suppose -3*q + 48 = 3*o, 2*q + 3*o - 2*o - 37 = 0. Let d be (8/6)/((-6)/(-99)). What is the remainder when q is divided by (d/6)/((-3)/(-9))?
10
Let j = -2 - -4. Let f = j - 1. What is the remainder when 1 is divided by f?
0
Let h = 56 - 20. What is the remainder when h is divided by 20?
16
Let s = -1 + -1. Let p(j) = -j + 1. Let l be p(s). Calculate the remainder when 77/l - 2/3 is divided by 13.
12
Let l = 10 + 4. Suppose 3*i = l + 4. Calculate the remainder when 16 is divided by i.
4
Let i = -45 + 72. Let s be (2 - 1 - -6) + 0. Let g(z) = z**2 - 5*z. Calculate the remainder when i is divided by g(s).
13
Let c(y) = -y - 4. Let g be c(-2). What is the remainder when (g/(-3))/((-2)/(-3)) is divided by 1?
0
Let g = 30 - -24. What is the remainder when g is divided by 19?
16
Let y(d) = -d**3 - 5 + 2*d - 4*d**2 - 4*d + 0*d. Suppose 1 - 7 = -3*m. What is the remainder when y(-4) is divided by m?
1
Suppose 5*d = -0*d + 85. Let b = 73 - 23. What is the remainder when b is divided by d?
16
Suppose 0 = 4*o + 8 - 24. Suppose -5*u - 20 = 0, z - 4*u = -2*z + 181. Suppose 20 = -5*p + z. What is the remainder when p is divided by o?
3
Let t = 310 - 289. Let a(h) = h**2 - 4*h + 6. What is the remainder when t is divided by a(5)?
10
Let h = 42 + -25. Let j(d) = d**3 - 8*d**2 + 6*d + 1. Let n(o) = o**3 + 6*o**2 - 2*o - 4. Let m be n(-6). What is the remainder when j(m) is divided by h?
15
Let d = 15 - 11. Let p(t) = -t**2 - 3*t - 6 + 8*t + 4. What is the remainder when p(d) is divided by 2?
0
Suppose 3*o = -0*o + 183. Suppose 5*c - 21 = 2*d + o, 3*d = 12. Calculate the remainder when c is divided by 5.
3
Suppose 0*z = -2*z - 5*j + 57, 99 = 4*z + 5*j. Let f = 149 - 88. What is the remainder when f is divided by z?
19
Let r = -24 - -34. Suppose 2*u - 2*a - a = 2, -u = 3*a - r. Calculate the remainder when 6 is divided by u.
2
Suppose 8*l + 64 = 168. Calculate the remainder when l is divided by 4.
1
What is the remainder when 2 is divided by (-12)/8*(-2)/3?
0
Suppose -4*w + w = -42. What is the remainder when ((-9)/(-2))/(3/18) is divided by w?
13
Let l(c) = -3*c**2 - 9*c - 9. Let s be l(-7). Let u = s + 132. Calculate the remainder when u is divided by 14.
11
Let c be (4/6)/((-5)/(-465)). Suppose 3*f = -t + c, -108 = -5*f - 2*t - 2*t. Let i(n) = -29*n. Calculate the remainder when i(-2) is divided by f.
18
Suppose -3*u + 20 = 2*u. Suppose 27 = -5*k - 18. Let v = u - k. What is the remainder when 51 is divided by v?
12
Let w = -56 + 106. Calculate the remainder when w is divided by 19.
12
Let f(r) = -r**2 + 2*r - 1. Let t be f(3). Let q = t + 8. Suppose -m = -2*m + 3. Calculate the remainder when q is divided by m.
1
Let i be (-12)/78 + 160/26. Let x = 14 - i. Let b(j) = j**2 - 6*j - 9. Calculate the remainder when 26 is divided by b(x).
5
Suppose 0 = 9*k - 13*k + 200. Calculate the remainder when k is divided by 17.
16
Let o(c) = 20*c - 3. What is the remainder when o(2) is divided by 20?
17
Let n(s) = s**3 - 4*s**2 + 8*s - 4. Calculate the remainder when n(5) is divided by 16.
13
Suppose -2*o = -4 - 2. Suppose -4*a + 2*g = -178, 4*a - 2*a = -o*g + 77. What is the remainder when a is divided by 23?
20
Let m = 66 - 42. Calculate the remainder when m is divided by 9.
6
Suppose -56 - 78 = -4*s - 3*p, 2*s - 4*p = 56. Calculate the remainder when (6/(-8))/((-2)/s) is divided by 5.
2
Suppose -4*d - 2*a + 16 = 0, 5*d - d - 28 = a. Suppose -5*i + 4 = -16. What is the remainder when d is divided by i?
2
Let g(j) = j**2 + 1. Let p be g(0). Suppose v = p + 1. Suppose 45 + 1 = 3*r - o, r - 12 = v*o. What is the remainder when 46 is divided by r?
14
Suppose -2*x = -0*x - 50. Calculate the remainder when 48 is divided by x.
23
Calculate the remainder when 18 is divided by (0 - -1)/(-3 - 64/(-20)).
3
Let v = -1 - -3. Suppose -a = -2*a - 3, 0 = -2*d - v*a + 44. Let w(k) = k**2 + 4*k - 8. Calculate the remainder when d is divided by w(-7).
12
Let z(t) = 7*t + 24. Calculate the remainder when z(10) is divided by 32.
30
Let m be (4 - 3)/(2/14). Suppose -y + m = 3. What is the remainder when 7 is divided by y?
3
Let i = 12 - 7. Suppose -5*g = -2*c - 16, i*c = -g + 17 - 3. Calculate the remainder when 53 is divided by (-21)/((3/c)/(-1)).
11
Let y = -60 - -137. What is the remainder when y is divided by 20?
17
Suppose 2*n - 5*g - 2 = 26, 3*g = -3*n + 63. Calculate the remainder when 75 is divided by n.
18
Let m(r) = 2*r**2 - 3*r - 3. Let u be m(3). Suppose -u*q + 2*q = -16. Calculate the remainder when 7 is divided by q.
3
What is the remainder when (-18)/(0 + 10/(-15)) is divided by 7?
6
Let v = -144 + 196. Calculate the remainder when v is divided by 27.
25
Suppose 2*i + 2 = 3*i + x, 0 = -3*i - x + 10. Let u be 4/(-5)*(-10)/i. Suppose u*t = 3*t - 25. Calculate the remainder when t is divided by 9.
7
Suppose -2*d + 10 = -20. What is the remainder when 87 is divided by d?
12
Let q(z) = 2*z**2 - 6*z + 1. Let i be -5 + 5 - 1*-7. Let l = -2 + i. What is the remainder when q(l) is divided by 11?
10
Let d = 70 - 48. What is the remainder when 40 is divided by d?
18
Let i = 32 + -17. Let y(s) = 3*s - 16. Let d be y(4). Let m = i + d. Calculate the remainder when 31 is divided by m.
9
Let d = -8 - -17. Let h(i) = -4*i + 0*i + 0*i. Calculate the remainder when h(-4) is divided by d.
7
Let h = 8 - 10. Calculate the remainder when h/2*208/(-8) is divided by 9.
8
Suppose 3 = 4*m + 5*f, m - 5*f = -m + 39. Calculate the remainder when m is divided by (-4)/20 + (-21)/(-5).
3
Suppose -6 = 3*r - 18. Calculate the remainder when 9 is divided by r.
1
Let s(c) = -3*c**3 + 2*c**2 + 1. Let v be s(-3). Suppose -6*w + v = -2*w. Let x(k) = -k**3 - k**2 - k + 13. Calculate the remainder when w is divided by x(0).
12
Let q(t) = -t + 10. What is the remainder when 63 is divided by q(-3)?
11
Let o be 3*1 + (-6 - -7). Suppose b + o*j = 6 - 21, -5*j - 25 = 0. Let w = 4 + b. Calculate the remainder when w is divided by 3.
0
Let u be ((-94)/(-8))/(2/8). Suppose 27 = q + 2*w, -u - 17 = -2*q - 2*w. What is the remainder when q is divided by 13?
11
Let b = 50 + -36. What is the remainder when ((-25)/2)/((-16)/32) is divided by b?
11
What is the remainder when (-176)/(-12)*1/(8/12) is divided by 14?
8
Let w = 2 + 47. Suppose 3*u - 35 = -2*p, -3*u + 2*u = -p - 15. Calculate the remainder when w is divided by u.
10
What is the remainder when 94 is divided by 12/9 + (-6)/18 + 32?
28
Let w = 2 - -15. Suppose 3*b = -w - 7. Let n = b - -19. Calculate the remainder when n is divided by 7.
4
Let d(n) = n**3 + 7*n**2 + n + 3. Let u be d(-7). What is the remainder when 10 is divided by 3/6 + (-10)/u?
1
Let x(q) = q**3 - 3*q**2 + 2*q + 5. Let j = -11 - -30. What is the remainder when j is divided by x(3)?
8
Let l(v) = 17*v**2 + v. Suppose 0 = b + 3, 10 = -4*f + 2*b - 4*b. What is the remainder when 31 is divided by l(f)?
15
Suppose -h + 124 = -5*v, -4*v - 216 = -2*h + 14. What is the remainder when h is divided by 16?
13
Suppose 20*y = 954 + 1126. What is the remainder when y is divided by 18?
14
Suppose -4*l + 5*l = -50. Let q = 76 + l. What is the remainder when q is divided by 9?
8
Let s(x) = -x**3 - 1 - 9*x**2 - 4*x + 5 - 2 + 3*x. Let n = -15 - -21. Calculate the remainder when s(-9) is divided by n.
5
Let n(h) = 10*h + 6. What is the remainder when 63 is divided by n(1)?
15
Suppose -3*s + 77 + 88 = 0. What is the remainder when s is divided by 28?
27
Let w be 204/(-10)*(-10)/4. Suppose -5*l + h = -85, 3*l + 2*h = 4*h + w. What is the remainder when l is divided by 6?
5
Let b = 30 - 17. Let u(l) = 5*l**2 - 1. Let g be u(1). Suppose -g*z = -0*z - 152. Calculate the remainder when z is divided by b.
12
Let s(z) = z**3 - 7*z**2 - 2*z + 9. Let i be s(7). What is the remainder when (-1)/i + 518/10 is divided by